{"id":9,"date":"2017-06-10T08:24:41","date_gmt":"2017-06-10T06:24:41","guid":{"rendered":"http:\/\/xtratheme.comagency\/?page_id=6"},"modified":"2022-04-04T20:32:58","modified_gmt":"2022-04-04T18:32:58","slug":"stefano-oppo","status":"publish","type":"page","link":"https:\/\/personaltrainingcagliari.com\/index.php\/stefano-oppo\/","title":{"rendered":"Stefano Oppo"},"content":{"rendered":"<p>[vc_row][vc_column width=&#8221;2\/3&#8243;]<div id=\"cz_36000\" class=\"cz_36000 cz_title clr cz_smart_fs cz_mobile_text_center cz_title_pos_inline\"><div class=\"cz_title_content\"><div class=\"cz_wpe_content\"><p><span style=\"font-weight: 600; font-size: 28px;\">Stefano Oppo<\/span><\/p>\n<\/div><\/div><\/div>[vc_column_text]Sono Stefano e da anni aiuto i miei clienti a ottenere lo stato di salute fisico che meritano, senza bugie e senza trucchetti.<\/p>\n<p>Dopo anni di studio e di esperienze motorie, mi sono focalizzato sull\u2019Igiene del Movimento, quella parte della tua vita che troppo spesso viene messa da parte dagli &#8220;addetti ai lavori&#8221;, e che se gestita nel modo giusto permette di imparare come muoversi nel modo pi\u00f9 corretto per noi. Senza dogmi e schemi prefabbricati da palestra.<\/p>\n<p>Inoltre, permette di evitare tutti quei problemi quali cadute, dolori cronici e rinunce quotidiane. Vedi, muoversi non \u00e8 solo \u201callenarsi\u201d, ma anche e soprattutto vivere il proprio corpo 24h al giorno da quando si nasce a quando si muore. Respirare, banalmente, \u00e8 muoversi.<\/p>\n<p>Una maggiore consapevolezza motoria ti permette di muoverti in maniera elegante, oltre che meglio, migliorare la postura e porta una serie di vantaggi, tra gli altri:<\/p>\n<ul>\n<li>Migliora la tua autostima<\/li>\n<li>Vieni considerato e apprezzato di pi\u00f9 dalle altre persone<\/li>\n<li>Vieni percepito come una persona che si prende cura di s\u00e9<\/li>\n<li>Risulti pi\u00f9 convincente e attraente<\/li>\n<li>Migliora le tue relazioni<\/li>\n<li>Migliora la tua resa a lavoro<\/li>\n<\/ul>\n<p>Per questo motivo, per stare bene con s\u00e9 stessi e con gli altri, \u00e8 cruciale avere uno stato di salute motorio di ferro. E forse \u00e8 proprio quello che vorresti, riuscire a piegarti in un certo modo, avere controllo, equilibrio e sicurezza. Ma c\u2019\u00e8 un problema.<\/p>\n<p>Potrebbero averti detto che NON si pu\u00f2 fare.<\/p>\n<p>E soprattutto, potrebbero averti raccontato che non si pu\u00f2 fare solo con l\u2019allenamento ma che ci sarebbe bisogno di chiss\u00e0 quali scarpe correttive, operazioni alla schiena, fisioterapia, nuoto e via dicendo.<\/p>\n<p>Personalmente, ho provato i miei metodi su me stesso per anni, e da oltre 10 anni li ripropongo ai miei clienti, e loro:<\/p>\n<ul>\n<li>Non hanno sperimentato pi\u00f9 dolori<\/li>\n<li>Non hanno pi\u00f9 avuto bisogno di farmaci<\/li>\n<li>Non hanno avuto nessun tipo di fastidio anche dopo aver finito il nostro percorso insieme<\/li>\n<li>Non sono dovuti tornare per forza dal loro Fisioterapista per dolori cronici<\/li>\n<\/ul>\n<p>Se vuoi scoprire di pi\u00f9 su come lavoro, sui miei metodi e su come liberarti dei tuoi problemi, contattami! Insieme, alleneremo la tua salute![\/vc_column_text]<div class=\"cz_gap clr \" style=\"height: 50px\"><\/div><ul id=\"cz_36041\" class=\"cz_36041 cz_stylish_list clr cz_sl_icon_hover_none\"><li class=\"clr\"><div class=\"cz_sl_icon\"><i class=\"fa czico-134-arrows-6 mr10\" ><\/i><\/div><div><span>Istruttore III\u00b0 Livello \u201cFunctional Training School\u201d<\/span><\/div><\/li><li class=\"clr\"><div class=\"cz_sl_icon\"><i class=\"fa czico-134-arrows-6 mr10\" ><\/i><\/div><div><span>II\u00b0 Livello metodo DNS - Dynamic Neuromuscolar Stabilization della Scuola di Riabilitazione di Praga<\/span><\/div><\/li><li class=\"clr\"><div class=\"cz_sl_icon\"><i class=\"fa czico-134-arrows-6 mr10\" ><\/i><\/div><div><span>Esperto di Allenamento al Femminile<\/span><\/div><\/li><li class=\"clr\"><div class=\"cz_sl_icon\"><i class=\"fa czico-134-arrows-6 mr10\" ><\/i><\/div><div><span>Operatore Medicina Tradizionale Cinese<\/span><\/div><\/li><li class=\"clr\"><div class=\"cz_sl_icon\"><i class=\"fa czico-134-arrows-6 mr10\" ><\/i><\/div><div><span>Scienze Motorie<\/span><\/div><\/li><li class=\"clr\"><div class=\"cz_sl_icon\"><i class=\"fa czico-134-arrows-6 mr10\" ><\/i><\/div><div><span> Operatore Taping Neuromuscolare ATS<\/span><\/div><\/li><li class=\"clr\"><div class=\"cz_sl_icon\"><i class=\"fa czico-134-arrows-6 mr10\" ><\/i><\/div><div><span> Tecnico Sportivo \u201cInnovation A.S.D.\u201d<\/span><\/div><\/li><li class=\"clr\"><div class=\"cz_sl_icon\"><i class=\"fa czico-134-arrows-6 mr10\" ><\/i><\/div><div><span>Formatore settore Personal Training e Functional Training<\/span><\/div><\/li><li class=\"clr\"><div class=\"cz_sl_icon\"><i class=\"fa czico-134-arrows-6 mr10\" ><\/i><\/div><div><span> Cintura Nera II\u00b0 Duan di Wushu Kung Fu<\/span><\/div><\/li><li class=\"clr\"><div class=\"cz_sl_icon\"><i class=\"fa czico-134-arrows-6 mr10\" ><\/i><\/div><div><span> Istruttore Federale F.I.Wu.K \u2013 Federazione Italiana Wushu Kungfu<\/span><\/div><\/li><\/ul>[\/vc_column][vc_column width=&#8221;1\/3&#8243;]<div id=\"cz_70491\" class=\"cz_70491 cz_image clr cz_image_no_fx cz_tooltip_up center_on_mobile\"><div class=\"\"  data-title=\"Stefano Oppo\"><div class=\"cz_image_in\"><div class=\"cz_main_image\"><img width=\"960\" height=\"960\" src=\"data:image\/svg+xml,%3Csvg%20xmlns%3D&#39;http%3A%2F%2Fwww.w3.org%2F2000%2Fsvg&#39;%20width=&#39;960&#39;%20height=&#39;960&#39;%20viewBox%3D&#39;0%200%20960%20960&#39;%2F%3E\" data-czlz data-src=\"https:\/\/personaltrainingcagliari.com\/wp-content\/uploads\/2019\/05\/12715203_10153236227707676_5323979386134371353_n-2.jpg\" class=\"attachment-full\" alt=\"\" title=\"12715203_10153236227707676_5323979386134371353_n\" data-srcset=\"https:\/\/personaltrainingcagliari.com\/wp-content\/uploads\/2019\/05\/12715203_10153236227707676_5323979386134371353_n-2.jpg 960w, https:\/\/personaltrainingcagliari.com\/wp-content\/uploads\/2019\/05\/12715203_10153236227707676_5323979386134371353_n-2-300x300.jpg 300w, https:\/\/personaltrainingcagliari.com\/wp-content\/uploads\/2019\/05\/12715203_10153236227707676_5323979386134371353_n-2-150x150.jpg 150w, https:\/\/personaltrainingcagliari.com\/wp-content\/uploads\/2019\/05\/12715203_10153236227707676_5323979386134371353_n-2-768x768.jpg 768w, https:\/\/personaltrainingcagliari.com\/wp-content\/uploads\/2019\/05\/12715203_10153236227707676_5323979386134371353_n-2-600x600.jpg 600w, https:\/\/personaltrainingcagliari.com\/wp-content\/uploads\/2019\/05\/12715203_10153236227707676_5323979386134371353_n-2-100x100.jpg 100w\" data-sizes=\"(max-width: 960px) 100vw, 960px\" \/><\/div><\/div><\/div><\/div>[\/vc_column][\/vc_row][vc_row full_width=&#8221;stretch_row&#8221;][vc_column]<div class=\"cz_gap clr  hide_on_mobile\" style=\"height: 120px\"><\/div><div class=\"cz_gap show_on_mobile clr\" style=\"height: 0px\"><\/div>[\/vc_column][\/vc_row][vc_row full_width=&#8221;stretch_row_content_no_spaces&#8221;][vc_column]<div class=\"relative\"><div id=\"cz_52305\" class=\"cz_sep2 cz_sep2_1 cz_sep_rotatey_bottom\"><svg preserveAspectRatio=\"none\" xmlns=\"http:\/\/www.w3.org\/2000\/svg\" width=\"100%\"  viewBox=\"0 0 1600 218\">\n\t\t\t\t\t\t  <path style=\"fill:transparent\" d=\"M-36,213.5L1605,0V228.5H-36v-15Z\"\/>\n\t\t\t\t\t\t  <path style=\"fill:transparent\" d=\"M-36,213.5L1605,32V228.5H-36v-15Z\"\/>\n\t\t\t\t\t\t  <path style=\"fill:#12141d\" d=\"M-36,212L1605,62V228H-36V212Z\"\/>\n\t\t\t\t\t\t<\/svg><\/div><\/div>[\/vc_column][\/vc_row]<\/p>\n","protected":false},"excerpt":{"rendered":"<p>[vc_row][vc_column width=&#8221;2\/3&#8243;][vc_column_text]Sono Stefano e da anni aiuto i miei clienti a &#8230; <\/p>\n","protected":false},"author":1,"featured_media":0,"parent":0,"menu_order":0,"comment_status":"closed","ping_status":"closed","template":"","meta":[],"yoast_head":"<!-- This site is optimized with the Yoast SEO plugin v20.6 - https:\/\/yoast.com\/wordpress\/plugins\/seo\/ -->\n<title>Stefano Oppo - Oppo Personal Wellness Solution<\/title>\n<meta name=\"robots\" content=\"index, follow, max-snippet:-1, max-image-preview:large, max-video-preview:-1\" \/>\n<link rel=\"canonical\" href=\"https:\/\/personaltrainingcagliari.com\/index.php\/stefano-oppo\/\" \/>\n<meta property=\"og:locale\" content=\"it_IT\" \/>\n<meta property=\"og:type\" content=\"article\" \/>\n<meta property=\"og:title\" content=\"Stefano Oppo - Oppo Personal Wellness Solution\" \/>\n<meta property=\"og:description\" content=\"[vc_row][vc_column width=&#8221;2\/3&#8243;][vc_column_text]Sono Stefano e da anni aiuto i miei clienti a ...\" \/>\n<meta property=\"og:url\" content=\"https:\/\/personaltrainingcagliari.com\/index.php\/stefano-oppo\/\" \/>\n<meta property=\"og:site_name\" content=\"Oppo Personal Wellness Solution\" \/>\n<meta property=\"article:modified_time\" content=\"2022-04-04T18:32:58+00:00\" \/>\n<meta name=\"twitter:card\" content=\"summary_large_image\" \/>\n<meta name=\"twitter:label1\" content=\"Tempo di lettura stimato\" \/>\n\t<meta name=\"twitter:data1\" content=\"4 minuti\" \/>\n<script type=\"application\/ld+json\" class=\"yoast-schema-graph\">{\"@context\":\"https:\/\/schema.org\",\"@graph\":[{\"@type\":\"WebPage\",\"@id\":\"https:\/\/personaltrainingcagliari.com\/index.php\/stefano-oppo\/\",\"url\":\"https:\/\/personaltrainingcagliari.com\/index.php\/stefano-oppo\/\",\"name\":\"Stefano Oppo - Oppo Personal Wellness Solution\",\"isPartOf\":{\"@id\":\"https:\/\/personaltrainingcagliari.com\/#website\"},\"datePublished\":\"2017-06-10T06:24:41+00:00\",\"dateModified\":\"2022-04-04T18:32:58+00:00\",\"breadcrumb\":{\"@id\":\"https:\/\/personaltrainingcagliari.com\/index.php\/stefano-oppo\/#breadcrumb\"},\"inLanguage\":\"it-IT\",\"potentialAction\":[{\"@type\":\"ReadAction\",\"target\":[\"https:\/\/personaltrainingcagliari.com\/index.php\/stefano-oppo\/\"]}]},{\"@type\":\"BreadcrumbList\",\"@id\":\"https:\/\/personaltrainingcagliari.com\/index.php\/stefano-oppo\/#breadcrumb\",\"itemListElement\":[{\"@type\":\"ListItem\",\"position\":1,\"name\":\"Home\",\"item\":\"https:\/\/personaltrainingcagliari.com\/\"},{\"@type\":\"ListItem\",\"position\":2,\"name\":\"Stefano Oppo\"}]},{\"@type\":\"WebSite\",\"@id\":\"https:\/\/personaltrainingcagliari.com\/#website\",\"url\":\"https:\/\/personaltrainingcagliari.com\/\",\"name\":\"Oppo Personal Wellness Solution\",\"description\":\"Il tuo Personal Trainer a Cagliari\",\"publisher\":{\"@id\":\"https:\/\/personaltrainingcagliari.com\/#organization\"},\"potentialAction\":[{\"@type\":\"SearchAction\",\"target\":{\"@type\":\"EntryPoint\",\"urlTemplate\":\"https:\/\/personaltrainingcagliari.com\/?s={search_term_string}\"},\"query-input\":\"required name=search_term_string\"}],\"inLanguage\":\"it-IT\"},{\"@type\":\"Organization\",\"@id\":\"https:\/\/personaltrainingcagliari.com\/#organization\",\"name\":\"Oppo Personal Wellness Solution\",\"url\":\"https:\/\/personaltrainingcagliari.com\/\",\"logo\":{\"@type\":\"ImageObject\",\"inLanguage\":\"it-IT\",\"@id\":\"https:\/\/personaltrainingcagliari.com\/#\/schema\/logo\/image\/\",\"url\":\"https:\/\/personaltrainingcagliari.com\/wp-content\/uploads\/2019\/05\/cropped-logoprap-2.png\",\"contentUrl\":\"https:\/\/personaltrainingcagliari.com\/wp-content\/uploads\/2019\/05\/cropped-logoprap-2.png\",\"width\":512,\"height\":512,\"caption\":\"Oppo Personal Wellness Solution\"},\"image\":{\"@id\":\"https:\/\/personaltrainingcagliari.com\/#\/schema\/logo\/image\/\"},\"sameAs\":[\"https:\/\/www.instagram.com\/oppo_personalwellnesssolutions\/\",\"https:\/\/www.facebook.com\/OppoPTCagliari\"]}]}<\/script>\n<!-- \/ Yoast SEO plugin. -->","yoast_head_json":{"title":"Stefano Oppo - Oppo Personal Wellness Solution","robots":{"index":"index","follow":"follow","max-snippet":"max-snippet:-1","max-image-preview":"max-image-preview:large","max-video-preview":"max-video-preview:-1"},"canonical":"https:\/\/personaltrainingcagliari.com\/index.php\/stefano-oppo\/","og_locale":"it_IT","og_type":"article","og_title":"Stefano Oppo - Oppo Personal Wellness Solution","og_description":"[vc_row][vc_column width=&#8221;2\/3&#8243;][vc_column_text]Sono Stefano e da anni aiuto i miei clienti a ...","og_url":"https:\/\/personaltrainingcagliari.com\/index.php\/stefano-oppo\/","og_site_name":"Oppo Personal Wellness Solution","article_modified_time":"2022-04-04T18:32:58+00:00","twitter_card":"summary_large_image","twitter_misc":{"Tempo di lettura stimato":"4 minuti"},"schema":{"@context":"https:\/\/schema.org","@graph":[{"@type":"WebPage","@id":"https:\/\/personaltrainingcagliari.com\/index.php\/stefano-oppo\/","url":"https:\/\/personaltrainingcagliari.com\/index.php\/stefano-oppo\/","name":"Stefano Oppo - Oppo Personal Wellness Solution","isPartOf":{"@id":"https:\/\/personaltrainingcagliari.com\/#website"},"datePublished":"2017-06-10T06:24:41+00:00","dateModified":"2022-04-04T18:32:58+00:00","breadcrumb":{"@id":"https:\/\/personaltrainingcagliari.com\/index.php\/stefano-oppo\/#breadcrumb"},"inLanguage":"it-IT","potentialAction":[{"@type":"ReadAction","target":["https:\/\/personaltrainingcagliari.com\/index.php\/stefano-oppo\/"]}]},{"@type":"BreadcrumbList","@id":"https:\/\/personaltrainingcagliari.com\/index.php\/stefano-oppo\/#breadcrumb","itemListElement":[{"@type":"ListItem","position":1,"name":"Home","item":"https:\/\/personaltrainingcagliari.com\/"},{"@type":"ListItem","position":2,"name":"Stefano Oppo"}]},{"@type":"WebSite","@id":"https:\/\/personaltrainingcagliari.com\/#website","url":"https:\/\/personaltrainingcagliari.com\/","name":"Oppo Personal Wellness Solution","description":"Il tuo Personal Trainer a Cagliari","publisher":{"@id":"https:\/\/personaltrainingcagliari.com\/#organization"},"potentialAction":[{"@type":"SearchAction","target":{"@type":"EntryPoint","urlTemplate":"https:\/\/personaltrainingcagliari.com\/?s={search_term_string}"},"query-input":"required name=search_term_string"}],"inLanguage":"it-IT"},{"@type":"Organization","@id":"https:\/\/personaltrainingcagliari.com\/#organization","name":"Oppo Personal Wellness Solution","url":"https:\/\/personaltrainingcagliari.com\/","logo":{"@type":"ImageObject","inLanguage":"it-IT","@id":"https:\/\/personaltrainingcagliari.com\/#\/schema\/logo\/image\/","url":"https:\/\/personaltrainingcagliari.com\/wp-content\/uploads\/2019\/05\/cropped-logoprap-2.png","contentUrl":"https:\/\/personaltrainingcagliari.com\/wp-content\/uploads\/2019\/05\/cropped-logoprap-2.png","width":512,"height":512,"caption":"Oppo Personal Wellness Solution"},"image":{"@id":"https:\/\/personaltrainingcagliari.com\/#\/schema\/logo\/image\/"},"sameAs":["https:\/\/www.instagram.com\/oppo_personalwellnesssolutions\/","https:\/\/www.facebook.com\/OppoPTCagliari"]}]}},"_links":{"self":[{"href":"https:\/\/personaltrainingcagliari.com\/index.php\/wp-json\/wp\/v2\/pages\/9"}],"collection":[{"href":"https:\/\/personaltrainingcagliari.com\/index.php\/wp-json\/wp\/v2\/pages"}],"about":[{"href":"https:\/\/personaltrainingcagliari.com\/index.php\/wp-json\/wp\/v2\/types\/page"}],"author":[{"embeddable":true,"href":"https:\/\/personaltrainingcagliari.com\/index.php\/wp-json\/wp\/v2\/users\/1"}],"replies":[{"embeddable":true,"href":"https:\/\/personaltrainingcagliari.com\/index.php\/wp-json\/wp\/v2\/comments?post=9"}],"version-history":[{"count":20,"href":"https:\/\/personaltrainingcagliari.com\/index.php\/wp-json\/wp\/v2\/pages\/9\/revisions"}],"predecessor-version":[{"id":1361,"href":"https:\/\/personaltrainingcagliari.com\/index.php\/wp-json\/wp\/v2\/pages\/9\/revisions\/1361"}],"wp:attachment":[{"href":"https:\/\/personaltrainingcagliari.com\/index.php\/wp-json\/wp\/v2\/media?parent=9"}],"curies":[{"name":"wp","href":"https:\/\/api.w.org\/{rel}","templated":true}]}}